he second derivative of -j**3/6 + 4*j**2 + j - 104. Suppose -3*n - 74 = u - n, 0 = 3*u - 3*n + 177. Let v be (u/(-12)*-3)/(-2). What is h(v)?
0
Let l(r) = -3*r**3 + 2*r + 4*r**2 + r**3 + r**3 + 6. Let i be (-2565)/(-1140)*(-20)/(-9). What is l(i)?
-9
Let d(g) = -15*g - 17*g - 18*g - 17*g - 2 + 71*g. Calculate d(12).
46
Let t = 103 - 102. Let p be (t - (-1)/(-2))*(10 - 8). Let s(c) = -12*c**3 + 2*c**2 - c. Determine s(p).
-11
Let m(a) be the third derivative of 0*a + 0 - 1/60*a**5 - 7*a**2 - 1/4*a**4 + 7/3*a**3. Give m(-7).
7
Suppose t = 10*t - 36. Suppose 16 = t*k - 0. Let p be -1*0*k/16. Let u(x) = x - 2. What is u(p)?
-2
Let h(p) = -57 + 391*p - p**2 - 370*p - 37. Determine h(9).
14
Suppose 4*t + 20 = -n, 5*n - 43 + 18 = 5*t. Suppose -m + 6*m + 5 = n, -m + 24 = -5*l. Let h(a) = 878 - a - 876 + 2*a. What is h(l)?
-3
Let r(k) = 17256 + 2*k**2 + 11*k - 34532 + 17259. What is r(-7)?
4
Suppose 0 = -j - i + 7, 10 = 3*j - j + i. Let s(l) = 15 - 62 + 18 + 23 + 4*l. Let o(r) = 3*r - 5. Let n(q) = j*o(q) - 2*s(q). Calculate n(3).
0
Suppose -52*g - 159 + 523 = 0. Let y(a) = 2*a**2 + a - 51. Give y(g).
54
Let w(z) = -z + 3. Let f(h) = 2*h**2 + 9*h - 7. Let q be f(-7). Let l(m) = -29*m**2 + 31*m + 32. Let y be l(-1). Let c = y + q. What is w(c)?
3
Let r be (9/3 - 19)/(-2). Suppose 3*j + 3*v + r = j, 4*v + 16 = 0. Suppose 0*i + j*i - 4*s = -44, -5*i - 75 = -3*s. Let t(n) = n**2 + 12*n - 6. Calculate t(i).
-6
Suppose -p - 8 = -3. Let v(u) be the first derivative of 5*u + 23 + 2*u**2 - 5/3*u**3 - 1/4*u**4. Determine v(p).
-15
Let b(f) = -f**3 + 8*f**2 - 8*f - 3. Suppose -4*t = -4*p, 0*t - 4*t - 5*p - 27 = 0. Let n(q) = q + 10. Let i be n(t). Determine b(i).
-10
Suppose -4*z + 11*j + 74 = 13*j, -3*j = -5*z + 98. Suppose 11*h - 96 = z*h. Let l(f) = -f**2 - 14*f - 16. Give l(h).
8
Suppose -140*u - 214 = 2446. Let n(y) = y**3 + 20*y**2 + 19*y - 27. Calculate n(u).
-27
Let j(m) be the second derivative of 5/2*m**2 + 91 + 1/6*m**3 + 2*m. What is j(7)?
12
Let l(m) = 9*m**3 + 33*m**2 + 17*m + 33. Let y(c) = 4*c**3 + 16*c**2 + 8*c + 16. Let u(a) = 3*l(a) - 7*y(a). Calculate u(-13).
52
Let o(s) = s**2 - 28*s - 1833. Let i be o(-31). Let f(l) = 6*l + 8. What is f(i)?
-16
Let k be (8636/(-8))/17*6. Let s = k - -392. Let a(r) = -r + 21. Give a(s).
10
Let x(s) be the second derivative of 2*s**3/3 + 2*s**2 + 31*s + 2. Let i(n) = n - 1. Let g(v) = -4*i(v) - 2*x(v). Determine g(-3).
32
Let p(b) = 6*b - 6 - 2*b**2 + b**2 + 0*b**2. Let u(i) = -i**2 + 23*i - 37. Let c = 155 + -134. Let k be u(c). Calculate p(k).
-1
Let c(f) = -f**2 + 5*f - 2. Let d be c(4). Suppose -d*j - 4 = -16. Let r(q) = 4 + 2 - q - 11 + j. Calculate r(6).
-5
Let p(t) = -2*t**3 - 3*t**2 - 27*t + 4. Let g(o) = 3*o**3 + 2*o**2 + 37*o - 4. Let h(d) = 3*g(d) + 4*p(d). Let a be 2/(-7) + 52/(-14). Let l = 9 + a. Give h(l).
-6
Let t(d) = 2 - 1 - 3*d + 0 + 2*d. Let k(v) = -41*v - 5579. Let l be k(-136). Give t(l).
4
Let x = -169 - -174. Suppose 3*z + n = -16, x*n + 6 = -4*z - 8. Let u(j) = 3*j + 9. What is u(z)?
-9
Let z = 12 + -5. Let l = 50 - 48. Let o(m) = 2 - 5*m - 7 - 3 - m**2 - m**3 + 9*m**l. Determine o(z).
6
Suppose 0*o + 10 = 5*o. Suppose 2*w = -o*w - 112. Let k = w - -26. Let z(j) = 2*j**2 - 2. Determine z(k).
6
Let t(c) be the first derivative of c**3/6 - c**2/2 + 179*c - 166. Let l(p) be the first derivative of t(p). Calculate l(-5).
-6
Let a(s) = -179*s**2 + 3 + s**3 - 178*s**2 + 11*s + 345*s**2. Determine a(11).
3
Let s(z) = -5*z**2 - 4*z + 38. Let g(y) = -11*y**2 - 8*y + 65. Let n(u) = -3*g(u) + 5*s(u). Calculate n(-4).
107
Let c be (75/(-6) + 14)/(8/((-512)/12)). Let a(i) = 3*i + 42. Give a(c).
18
Suppose -3*j - f = 11, 3*f - 10 = 2*j + 1. Let h(a) = 4*a - 1. Let t be 6/21 - 5700/(-532). Let u(o) = 12*o - 3. Let b(n) = j*u(n) + t*h(n). Calculate b(2).
-7
Suppose 180*i = 183*i + 5*v + 4, 4*i = v + 33. Let t(m) = -4*m + m**3 + 2 + 2*m**2 + 0*m**2 - 9*m**2. What is t(i)?
-26
Let c(h) be the first derivative of 173 - h**2 + 4*h**3 - 8*h**3 - h + 7*h**3 + 0*h**2. What is c(-2)?
39
Let r = -21048 + 21066. Let b(s) = -12*s + 202. Give b(r).
-14
Suppose -4*k + 2*k + 42 = -4*f, -f + 83 = 5*k. Suppose -12*m + k*m - 10 = 0. Let u(x) = -2*x**m - 1 - 3*x**2 + 0*x + 3*x + 2*x**3 - x**3. Give u(3).
-10
Let j(z) = 130*z**2 + 26*z + 8. Let b(a) = 101*a**2 + 19*a + 6. Let u(k) = -9*b(k) + 7*j(k). What is u(-13)?
28
Let v(h) = 4*h. Let j(o) = -3*o + 12. Suppose 0 = 3*w + 9*w - 60. Let n be j(w). Let a(k) = -k. Let p(d) = n*a(d) - v(d). Determine p(1).
-1
Suppose -10*w + 6*w - 16 = 0. Let o(r) = -2*r**3 - 24*r**2 - 29*r - 11. Let y(d) = -d**3 - 12*d**2 - 15*d - 5. Let u(n) = w*o(n) + 7*y(n). Calculate u(-11).
9
Suppose -i = 4*u + 7, 0*i + 2*i - 4 = -2*u. Let w(p) = -10*p + 2*p - 35 + i*p + 28. Determine w(-5).
8
Let x(o) = -o**2 - 10*o - 8. Let l(y) = -y**2 - 9*y - 8. Let m(i) = -3*l(i) + 2*x(i). Suppose -g = -q - 14, 4*g - 34 = 2*q - g. Let s = q + 6. Calculate m(s).
2
Let k be (2/4)/((-2)/184). Let z = 0 - k. Let i = 44 - z. Let n(j) = j**3 + 2*j**2 + j - 2. Calculate n(i).
-4
Let r(g) = 2*g**3 - g**2 - g + 1. Let p(m) = 21*m**3 - 11*m**2 - 21*m - 5. Let x(c) = -p(c) + 11*r(c). Determine x(-2).
-12
Suppose 0*p - 4*p = t + 6, -2*t - 3 = 5*p. Let w = -1008 - -1008. Suppose w*l - t*l - l = 0. Let s(j) = -j**2 - 21. Calculate s(l).
-21
Let k(a) = -14*a**2 + 30*a + 474. Let d(z) = -5*z**2 + 10*z + 157. Let m(y) = 8*d(y) - 3*k(y). Let w(s) be the first derivative of m(s). What is w(9)?
26
Let j be 18/(-99) + 184/44. Suppose 3*d + 24 = 8*a - j*a, 0 = -4*a + d + 16. Let v(r) = 2*r + 10. Calculate v(a).
16
Suppose -4*x = -16 - 4. Let w(o) = -o - x - 2*o + 0*o - 3*o. Let s(b) = -6*b**2 - 127*b + 758. Let r be s(-26). Give w(r).
-29
Let x = -3656 - -3633. Let l(k) = k**2 + 22*k - 23. Give l(x).
0
Let r(m) = -2*m + 6. Let n(c) = -2*c - 16. Let p be n(-14). Suppose 5*l - 26 = -2*t + p, 0 = 3*l - 2*t - 10. Determine r(l).
-6
Let u(b) = -b**3 + 5*b**2 - 4*b + 5. Suppose 63 = -5*v - 77. Let l be 228/(-14) - (-1)/(v/(-8)). Let m be 30/7 - l/(-56). What is u(m)?
5
Let k(b) = b**3 + 4*b**2 + 4*b + 1. Let s = -77 - -74. Let y be s*((-5)/(-2) + (-18)/12). Calculate k(y).
-2
Let v(p) = -19*p - 118. Let g be v(-6). Let f(z) = -3*z**2 - 12*z - 1. What is f(g)?
-1
Let j(y) be the third derivative of y**6/20 - y**5/60 + y**4/24 + y**3/6 - 35*y**2. Let q(g) = g**3 + 2*g - 2. Let p be q(2). Let c = p + -11. Calculate j(c).
-7
Suppose -5*k - 4 = -14. Let v(d) = -3*d**2 + 4*d**2 + 18 - 7 - k*d - 7*d. What is v(8)?
3
Let v(o) = 3*o**2 - 62*o - 19. Suppose 1852*q - 1799*q = 644 + 469. Determine v(q).
2
Let s(c) be the first derivative of -7/3*c**3 + 0*c**2 - 32 + 0*c. Let j be 3/4 - (-13)/52. Give s(j).
-7
Let x = 7 - 4. Let p(u) be the first derivative of -7*u**2/2 + 2*u - 8112. Determine p(x).
-19
Let i(s) = 3*s**3 - 17*s**2 - 28*s + 28. Let b(k) = -4*k**3 + 25*k**2 + 35*k - 28. Let j(x) = 4*b(x) + 5*i(x). Determine j(15).
28
Suppose 10*t + 2*z + 14 = 14*t, 3 = 3*z. Let n(b) = -13 - 3*b + t*b + b - b. What is n(10)?
-3
Let b = 9371 + -9380. Let a(k) = k**3 + 10*k**2 + 7*k - 23. Calculate a(b).
-5
Suppose 0 = -5*a + 25, 405 = 2*g + 2*g + 5*a. Suppose 0 = -4*v - 15*v + g. Let l(t) = -t**2 + 5*t - 6. Determine l(v).
-6
Let d(t) = -t**2 + 1. Let w(n) = -20*n**2 + 9*n + 10. Let f(l) = -4*d(l) + w(l). Let a(i) = -6*i**2 + 3*i + 2. Let u(x) = -11*a(x) + 4*f(x). Determine u(-3).
11
Let f(b) = -b**3 - 9*b**2 - 2*b + 11. Let y(j) = -9*j**2 - 26*j + 27. Suppose -18*c + 46 = 28*c. Let r be y(c). What is f(r)?
-37
Let l(x) = -6 - 117*x**2 - x - 74*x**2 + 184*x**2. Determine l(-2).
-32
Let i be ((-32)/24)/((-4)/6) + 0. Let n(s) = -133*s - 6*s**i + 131*s + 4 - s**3 - 12. Calculate n(-6).
4
Let v(z) = 4*z**3 + z**2 + 9. Let b(m) = -3*m**3 - m + 13*m**3 + 9 - 9*m**3 + 4*m**3. Let a(c) = -5*b(c) + 6*v(c). Determine a(7).
-5
Let b(i) be the first derivative of -i**3 + 3*i**2/2 - 3*i - 1312. Give b(1).
-3
Let m(f) = 33*f**2 + 529*f - 531. Let j be m(1). Let g(i) = 2*i - 72. What is g(j)?
-10
Let f(u) be the first derivative of -11*u**4/4 + u**3/3 - u - 6157. Let a = 0 - 0. Let r = -1 + a. Give f(r).
11
Let x be -2 + -2 + 3 + 7. Let p(n) = -n**2 + 7*n - 11. Let o(y) = y**2 - 7*y + 12. Let f(m) = 5*o(m) + 6*p(m). Calculate f(x).
0
Suppose 12 = -2*d - u - 3*u, d 